ctors of o?
43
Let j(w) = 2*w**3 + 28*w**2 - 12. Let c be ((-8)/6*-1)/((-10)/105). Let v be j(c). Let f = 112 + v. List the prime factors of f.
2, 5
Suppose h - 184 = -179. Suppose -h*r + 9*r = 2*a - 200, 3*r = 3*a - 288. What are the prime factors of a?
2, 23
Suppose 0*i + 120 = 8*i. Suppose -i*w + 24*w - 45 = 0. Suppose -2*s = -3*c - 319, c + 770 = w*s - c. List the prime factors of s.
2, 19
Let r(h) = -7*h - 46. Let t be r(3). Let b = 53 - t. What are the prime factors of b?
2, 3, 5
Let a be (63/12)/((-7)/(-28)). Suppose -a*n = -25*n. What are the prime factors of 48 - (n/(-1))/1?
2, 3
Let n be 8/(1/(-63)*-6). Let c be n/105 + 5962/10. Suppose 0 = -10*k + 563 + c. List the prime factors of k.
2, 29
Suppose 17*z = 20*z - 12. Suppose z*d - 619 = -g, -3*d = 3 + 12. List the prime factors of g.
3, 71
Let i(c) = -2*c**3 + c**2 - 13*c - 176. Let f be i(-6). Let w be -3*(1 - 2 - 0). Suppose -w*g + f = -44. What are the prime factors of g?
2, 3, 23
Let m be (-111)/(-9) + (-1)/3. Let o(n) = n**3 - 12*n**2 + 14*n - 16. List the prime factors of o(m).
2, 19
Let h be (-9*3/18)/((-6)/16). Let u be (h - 9/3)/1 - -36. List the prime factors of -3 + (-44)/(-12) - u/(-3).
13
Let x be 10/(-15)*(-1)/(-2)*-27. Suppose -4*b = -3 - x. List the prime factors of (-2)/b + (-2784)/(-18).
2, 7, 11
Let y(a) = 9*a**2 + 5*a + 15. Let v(f) = -11*f**2 - 5*f - 14. Let c(q) = 5*v(q) + 6*y(q). Let g = 13 - 8. What are the prime factors of c(g)?
2, 5
Suppose -14*j = -24*j + 15680. Suppose -5*n = -n - j. List the prime factors of n.
2, 7
Suppose k - 34 = 3*t + t, 3*t - 55 = -5*k. Suppose -13 = 9*z + k. List the prime factors of (-560)/(-25) - z/5.
23
Suppose 4*c + 14 = n - 20, 2*n + 2*c = 98. Suppose -3*w + 0*w = -2*v - 64, 2*w + 2*v - n = 0. List the prime factors of w.
2, 11
Let w = -18394 + 30290. What are the prime factors of w?
2, 1487
Let a be -7 - (3 - (-1219)/1). Let k = a + 1896. What are the prime factors of k?
23, 29
Let s = 13 - 10. Suppose s*p + 4*p + 21 = 0. What are the prime factors of (-20)/(-3 + -2) - p?
7
Suppose -5903 = -3*g + 2872. Let i = g + -1518. What are the prime factors of i?
3, 7, 67
Suppose -39*d = -38*d - 1014. Suppose 821 + d = 2*a + s, 3*a - s - 2765 = 0. What are the prime factors of a?
2, 5, 23
Let g(u) = 7*u + 26. Let t be g(-3). Suppose t*d = 2*b + 2055, 60 = -4*d - 5*b + 1671. List the prime factors of d.
409
Suppose -38057 = 23*t + 13*t - 291317. List the prime factors of t.
3, 5, 7, 67
Let y = -48 + 50. Let d(m) = -2*m**3 + m**2 - 2. Let u be d(y). What are the prime factors of (-480)/u + (-2 - (-24)/14)?
2, 17
Suppose 5*x = 14*k + 8*x - 176209, x - 62932 = -5*k. List the prime factors of k.
41, 307
Suppose -t = -3*x - 7549, 22*t = 25*t + 5*x - 22563. What are the prime factors of t?
17, 443
Let w(v) = 221*v**2 + 534*v + 2. What are the prime factors of w(-8)?
2, 4937
Let h(c) = 93*c + 13015. What are the prime factors of h(0)?
5, 19, 137
Suppose -40*j + 35*j = 3415 - 51440. List the prime factors of j.
5, 17, 113
Let w(d) = -6*d**3 - 3*d**2 - 47*d - 260. List the prime factors of w(-18).
2, 11, 13
Let u = 2907 + -2053. Let a(q) = -3*q**2 - 8*q + 8. Let l be a(1). List the prime factors of l/2*u/(-21).
61
Suppose -5*k - 49*t + 45*t + 19 = 0, 4*t + 8 = 4*k. Let n(o) be the second derivative of 4*o**3 - 10*o**2 - 2*o. What are the prime factors of n(k)?
2, 13
Let t(y) = -y**2 - 18*y + 3. Let m be t(0). List the prime factors of (-2030)/45*m*(-4 + -5).
2, 3, 7, 29
Suppose -2*x + 4*x + 958 = 0. Let w = 1005 + x. What are the prime factors of w?
2, 263
Let b be 2 - (-4410)/(-5 - -14). Let y = -22 + b. List the prime factors of y.
2, 5, 47
Let i = 7298 - 1111. What are the prime factors of i?
23, 269
What are the prime factors of -2 + (-12)/(-2) - (101 + -5104)?
3, 1669
Let o(q) = -q**2 + 117*q - 1586. What are the prime factors of o(79)?
2, 3, 59
Suppose -5*i + 338 - 273 = 0. Let o(k) = 19*k - 165. List the prime factors of o(i).
2, 41
Let l be (-177849)/(-81) - 16/6. Let f = l + -1225. What are the prime factors of f?
2, 11
Suppose -37*i + 352027 = -173*i + 2749707. List the prime factors of i.
2, 5, 41, 43
Let s = 79 - 89. Let a = s + 14. Suppose -112 = a*w - 308. List the prime factors of w.
7
Suppose 3*s + 8 - 8 = 0. Let h(m) = -4*m + s - 8*m - m**3 + 17*m**2 + 9 - 3*m**2. What are the prime factors of h(13)?
2, 11
Let l(b) = -346*b + 192. Let u be l(3). Let k = u - -2561. List the prime factors of k.
5, 7
Let y be 3 + ((-2)/(-5))/((-1)/(-5)). Suppose -u = -y*k - 12, -4*k + 94 = 2*u - 0*k. Let s = u - -30. List the prime factors of s.
67
Let n be (-3 + 5 - 1)*(3 + 56). Suppose 0 = -n*u + 60*u - 157. List the prime factors of u.
157
Let r be (-20)/15 - (-155)/15. Let n(y) = -2*y + 17*y + 7*y - 51. List the prime factors of n(r).
3, 7
Suppose -4*m - 7542 = -k, 2*k + 2*m - 15034 = -0*m. What are the prime factors of k?
2, 3761
Suppose -346*d = -95*d - 3238653. What are the prime factors of d?
3, 11, 17, 23
Let o = 380 - 380. Suppose -8*j + 621 - 253 = o. What are the prime factors of j?
2, 23
Let y(x) = -3*x. Suppose -j = -2*j + 5. Let f be y(j). Let z(w) = -w**3 - 14*w**2 + 4*w - 32. List the prime factors of z(f).
7, 19
Suppose 112 = 10*c + 4*c. Suppose -5*z = 4*o - c*z - 190, 2*o - 2*z - 96 = 0. What are the prime factors of o?
2, 23
Let a(h) = h**2 + 39*h + 127. Let c be a(-6). Suppose 0*k = 2*k - 298. Let y = k + c. List the prime factors of y.
2, 3, 13
Suppose 9*o = 21*o - 48. Suppose 0 = o*d - 1971 + 75. What are the prime factors of d?
2, 3, 79
Suppose 0 = 97*j - 104*j + 14. Suppose d - 209 = -4*k, -j*d + 5*d - 648 = -5*k. What are the prime factors of d?
13, 17
Suppose 3967*q - 3962*q - 114545 = 0. What are the prime factors of q?
31, 739
Suppose 4970208 = -c + 97*c. What are the prime factors of c?
23, 2251
Suppose 0 = -25*o - 13881 + 39656. What are the prime factors of o?
1031
Suppose -2*c = -5 + 15, 0 = 3*o + 5*c - 33464. List the prime factors of o.
3, 61
Let j(m) = -m - 15. Let d be j(-18). Suppose 4*p - n - 530 = -0*n, d*n - 654 = -5*p. Suppose 4*t + p = 2*f, t = -1 - 0. What are the prime factors of f?
2
Suppose g + 10 = -3*t + 5*t, -3*t + 21 = -3*g. Let o be (-2 - t)*1086/(-10). Let c = o + -378. What are the prime factors of c?
3, 5, 11
Let m = 543 - 259. Suppose 0 = -8*w + 5*w + 4*k + 164, -5*w + m = -4*k. What are the prime factors of w?
2, 3, 5
Let j(n) = -22*n + 5. Let v be j(3). Let a = 87 + v. Suppose 21*q = a*q - 125. List the prime factors of q.
5
Suppose 59*r = 959351 - 139487. List the prime factors of r.
2, 3, 193
Suppose 0 = 56*d - 29*d - 21*d. Suppose 0 = -3*w - d*w - r + 2963, -3*r - 981 = -w. What are the prime factors of w?
3, 7, 47
Let b = -216 - -714. Suppose -346*j + b = -340*j. What are the prime factors of j?
83
Let d = 6199 + -2204. What are the prime factors of d?
5, 17, 47
Let o = 43 - 27. Suppose 4*y - o = -0*y - 2*d, y = -5*d + 13. Suppose 0 = -5*i + y*v + 1056, v - 2*v + 855 = 4*i. List the prime factors of i.
3, 71
Let p = -2384 - -12127. What are the prime factors of p?
9743
Suppose 2*t + 18673 - 3088 = z, -3*z - 4*t + 46695 = 0. List the prime factors of z.
3, 29, 179
Let b(y) = 14*y**3 - y**2 - y - 2. Let z be b(-2). Let g be (-9)/84*-4 - (-3016)/(-14). Let x = z - g. List the prime factors of x.
3, 11
Suppose -2*x = -p - 223, x = 2*p + 3*x + 458. Let i(b) = 13*b**3 - 6*b**2 - 3*b - 1. Let f be i(-2). Let t = f - p. What are the prime factors of t?
2, 13
Let h(j) = 7*j**2 - 46*j - 27. Let u be h(7). Let q(v) = 23*v**2 + 16*v + 54. What are the prime factors of q(u)?
2, 3, 131
Suppose 5126042 = 146*i + 263*i - 1396281. What are the prime factors of i?
37, 431
Let k = 56 + -53. Suppose -7*m + 100 = k*m. Let d(x) = -x**2 + 9*x + 33. What are the prime factors of d(m)?
23
Suppose 0 = -t + 4*t - 3876. Suppose -t = 7*k + 59. Let b = k + 275. What are the prime factors of b?
2, 41
Let m(p) = p**2 + p + 1. Let v be m(2). Suppose -2*i - 35 = -v*i. Suppose -2*s + 459 = i*s. What are the prime factors of s?
3, 17
Let v(o) = o**3 - 5*o**2 + 8*o - 2. Let k be v(3). Suppose 0 = -3*p - 5*c + 26 + 24, -k = -4*c. What are the prime factors of -3*5/p*-31?
31
Let f(p) = 1. Let l(d) = -16*d + 2. Let j(v) = 4*f(v) - l(v). Let q be j(2). Suppose q = n - 1. List the prime factors of n.
5, 7
Let o be ((-4)/(-6)